[INFO] cloning repository https://github.com/coesia-software-innovation/google-pubsub-rpc-rs
[INFO] running `Command { std: "git" "-c" "credential.helper=" "-c" "credential.helper=/workspace/cargo-home/bin/git-credential-null" "clone" "--bare" "https://github.com/coesia-software-innovation/google-pubsub-rpc-rs" "/workspace/cache/git-repos/https%3A%2F%2Fgithub.com%2Fcoesia-software-innovation%2Fgoogle-pubsub-rpc-rs", kill_on_drop: false }`
[INFO] [stderr] Cloning into bare repository '/workspace/cache/git-repos/https%3A%2F%2Fgithub.com%2Fcoesia-software-innovation%2Fgoogle-pubsub-rpc-rs'...
[INFO] running `Command { std: "git" "rev-parse" "HEAD", kill_on_drop: false }`
[INFO] [stdout] 4def07591d0480fa2b214dc649bee59995f6523a
[INFO] checking coesia-software-innovation/google-pubsub-rpc-rs against master#cfbc6d4cf1acbac5c025acf8ed68929caa551df3 for pr-75494-beta
[INFO] running `Command { std: "git" "clone" "/workspace/cache/git-repos/https%3A%2F%2Fgithub.com%2Fcoesia-software-innovation%2Fgoogle-pubsub-rpc-rs" "/workspace/builds/worker-0/source", kill_on_drop: false }`
[INFO] [stderr] Cloning into '/workspace/builds/worker-0/source'...
[INFO] [stderr] done.
[INFO] validating manifest of git repo https://github.com/coesia-software-innovation/google-pubsub-rpc-rs on toolchain cfbc6d4cf1acbac5c025acf8ed68929caa551df3
[INFO] running `Command { std: "/workspace/cargo-home/bin/cargo" "+cfbc6d4cf1acbac5c025acf8ed68929caa551df3" "read-manifest" "--manifest-path" "Cargo.toml", kill_on_drop: false }`
[INFO] started tweaking git repo https://github.com/coesia-software-innovation/google-pubsub-rpc-rs
[INFO] finished tweaking git repo https://github.com/coesia-software-innovation/google-pubsub-rpc-rs
[INFO] tweaked toml for git repo https://github.com/coesia-software-innovation/google-pubsub-rpc-rs written to /workspace/builds/worker-0/source/Cargo.toml
[INFO] crate git repo https://github.com/coesia-software-innovation/google-pubsub-rpc-rs already has a lockfile, it will not be regenerated
[INFO] running `Command { std: "/workspace/cargo-home/bin/cargo" "+cfbc6d4cf1acbac5c025acf8ed68929caa551df3" "fetch" "--locked" "--manifest-path" "Cargo.toml", kill_on_drop: false }`
[INFO] [stderr]  Downloading crates ...
[INFO] [stderr]   Downloaded grpcio v0.4.4
[INFO] [stderr]   Downloaded cmake v0.1.37
[INFO] [stderr]   Downloaded protoc-grpcio v1.0.1
[INFO] [stderr]   Downloaded grpcio-compiler v0.4.3
[INFO] [stderr]   Downloaded grpcio-sys v0.4.4
[INFO] running `Command { std: "docker" "create" "-v" "/var/lib/crater-agent-workspace/builds/worker-0/target:/opt/rustwide/target:rw,Z" "-v" "/var/lib/crater-agent-workspace/builds/worker-0/source:/opt/rustwide/workdir:ro,Z" "-v" "/var/lib/crater-agent-workspace/cargo-home:/opt/rustwide/cargo-home:ro,Z" "-v" "/var/lib/crater-agent-workspace/rustup-home:/opt/rustwide/rustup-home:ro,Z" "-e" "SOURCE_DIR=/opt/rustwide/workdir" "-e" "CARGO_TARGET_DIR=/opt/rustwide/target" "-e" "CARGO_HOME=/opt/rustwide/cargo-home" "-e" "RUSTUP_HOME=/opt/rustwide/rustup-home" "-w" "/opt/rustwide/workdir" "-m" "1610612736" "--user" "0:0" "--network" "none" "rustops/crates-build-env@sha256:a636fd89d022f18117e1dc8fb37a0a009933cdbbe082814857f0e2024962d47c" "/opt/rustwide/cargo-home/bin/cargo" "+cfbc6d4cf1acbac5c025acf8ed68929caa551df3" "metadata" "--no-deps" "--format-version=1", kill_on_drop: false }`
[INFO] [stdout] 5273bd66fd8a1d227b8b747e141f9dfb4d16d0764c3e1dc881ca00444fea7777
[INFO] [stderr] WARNING: Your kernel does not support swap limit capabilities or the cgroup is not mounted. Memory limited without swap.
[INFO] running `Command { std: "docker" "start" "-a" "5273bd66fd8a1d227b8b747e141f9dfb4d16d0764c3e1dc881ca00444fea7777", kill_on_drop: false }`
[INFO] running `Command { std: "docker" "inspect" "5273bd66fd8a1d227b8b747e141f9dfb4d16d0764c3e1dc881ca00444fea7777", kill_on_drop: false }`
[INFO] running `Command { std: "docker" "rm" "-f" "5273bd66fd8a1d227b8b747e141f9dfb4d16d0764c3e1dc881ca00444fea7777", kill_on_drop: false }`
[INFO] [stdout] 5273bd66fd8a1d227b8b747e141f9dfb4d16d0764c3e1dc881ca00444fea7777
[INFO] running `Command { std: "docker" "create" "-v" "/var/lib/crater-agent-workspace/builds/worker-0/target:/opt/rustwide/target:rw,Z" "-v" "/var/lib/crater-agent-workspace/builds/worker-0/source:/opt/rustwide/workdir:ro,Z" "-v" "/var/lib/crater-agent-workspace/cargo-home:/opt/rustwide/cargo-home:ro,Z" "-v" "/var/lib/crater-agent-workspace/rustup-home:/opt/rustwide/rustup-home:ro,Z" "-e" "SOURCE_DIR=/opt/rustwide/workdir" "-e" "CARGO_TARGET_DIR=/opt/rustwide/target" "-e" "CARGO_INCREMENTAL=0" "-e" "RUST_BACKTRACE=full" "-e" "RUSTFLAGS=--cap-lints=forbid" "-e" "CARGO_HOME=/opt/rustwide/cargo-home" "-e" "RUSTUP_HOME=/opt/rustwide/rustup-home" "-w" "/opt/rustwide/workdir" "-m" "1610612736" "--user" "0:0" "--network" "none" "rustops/crates-build-env@sha256:a636fd89d022f18117e1dc8fb37a0a009933cdbbe082814857f0e2024962d47c" "/opt/rustwide/cargo-home/bin/cargo" "+cfbc6d4cf1acbac5c025acf8ed68929caa551df3" "check" "--frozen" "--all" "--all-targets" "--message-format=json", kill_on_drop: false }`
[INFO] [stdout] bac51b8766d41c5bfd3a1d9153a6ae9da73ffd797b8d45b9061dba234503c947
[INFO] [stderr] WARNING: Your kernel does not support swap limit capabilities or the cgroup is not mounted. Memory limited without swap.
[INFO] running `Command { std: "docker" "start" "-a" "bac51b8766d41c5bfd3a1d9153a6ae9da73ffd797b8d45b9061dba234503c947", kill_on_drop: false }`
[INFO] [stderr]    Compiling autocfg v0.1.2
[INFO] [stderr]    Compiling libc v0.2.51
[INFO] [stderr]    Compiling cc v1.0.32
[INFO] [stderr]    Compiling rand_core v0.4.0
[INFO] [stderr]    Compiling proc-macro2 v0.4.27
[INFO] [stderr]    Compiling unicode-xid v0.1.0
[INFO] [stderr]    Compiling protobuf v2.4.2
[INFO] [stderr]    Compiling syn v0.15.29
[INFO] [stderr]    Compiling cfg-if v0.1.7
[INFO] [stderr]    Compiling failure_derive v0.1.5
[INFO] [stderr]    Compiling rustc-demangle v0.1.13
[INFO] [stderr]    Compiling pkg-config v0.3.14
[INFO] [stderr]    Compiling remove_dir_all v0.5.1
[INFO] [stderr]    Compiling memchr v2.2.0
[INFO] [stderr]     Checking unicode-width v0.1.5
[INFO] [stderr]     Checking ucd-util v0.1.3
[INFO] [stderr]    Compiling glob v0.3.0
[INFO] [stderr]    Compiling regex v1.1.5
[INFO] [stderr]     Checking lazy_static v1.3.0
[INFO] [stderr]     Checking vec_map v0.8.1
[INFO] [stderr]     Checking strsim v0.7.0
[INFO] [stderr]     Checking futures v0.1.25
[INFO] [stderr]     Checking bitflags v1.0.4
[INFO] [stderr]     Checking utf8-ranges v1.0.2
[INFO] [stderr]     Checking ansi_term v0.11.0
[INFO] [stderr]    Compiling log v0.4.6
[INFO] [stderr]     Checking textwrap v0.10.0
[INFO] [stderr]     Checking regex-syntax v0.6.6
[INFO] [stderr]     Checking rand_core v0.3.1
[INFO] [stderr]     Checking rand_jitter v0.1.3
[INFO] [stderr]     Checking thread_local v0.3.6
[INFO] [stderr]    Compiling cmake v0.1.37
[INFO] [stderr]     Checking rand_xorshift v0.1.1
[INFO] [stderr]     Checking rand_isaac v0.1.1
[INFO] [stderr]     Checking rand_hc v0.1.0
[INFO] [stderr]    Compiling protoc v2.4.2
[INFO] [stderr]    Compiling rand_pcg v0.1.2
[INFO] [stderr]    Compiling rand_chacha v0.1.1
[INFO] [stderr]    Compiling rand v0.6.5
[INFO] [stderr]    Compiling backtrace v0.3.14
[INFO] [stderr]     Checking aho-corasick v0.7.3
[INFO] [stderr]    Compiling backtrace-sys v0.1.28
[INFO] [stderr]    Compiling grpcio-sys v0.4.4
[INFO] [stderr]    Compiling rand_os v0.1.3
[INFO] [stderr]     Checking atty v0.2.11
[INFO] [stderr]    Compiling quote v0.6.11
[INFO] [stderr]     Checking clap v2.32.0
[INFO] [stderr]    Compiling tempfile v3.0.7
[INFO] [stderr]    Compiling protobuf-codegen v2.4.2
[INFO] [stderr]    Compiling synstructure v0.10.1
[INFO] [stderr]    Compiling grpcio-compiler v0.4.3
[INFO] [stderr]    Compiling failure v0.1.5
[INFO] [stderr]    Compiling protoc-grpcio v1.0.1
[INFO] [stderr]    Compiling rpc-pubsub v0.1.0 (/opt/rustwide/workdir)
[INFO] [stderr] error: failed to run custom build command for `rpc-pubsub v0.1.0 (/opt/rustwide/workdir)`
[INFO] [stderr] 
[INFO] [stderr] Caused by:
[INFO] [stderr]   process didn't exit successfully: `/opt/rustwide/target/debug/build/rpc-pubsub-808854f80917a58d/build-script-build` (exit code: 101)
[INFO] [stderr]   --- stdout
[INFO] [stderr]   Read-only file system (os error 30)
[INFO] [stderr] 
[INFO] [stderr]   --- stderr
[INFO] [stderr]   thread 'main' panicked at 'Failed to compile gRPC definitions!: Os { code: 2, kind: NotFound, message: "No such file or directory" }
[INFO] [stderr] 
[INFO] [stderr]   stack backtrace:
[INFO] [stderr]      0: failure::backtrace::internal::InternalBacktrace::new::hca5df8679ff51b57 (0x55dc95d7aac5)
[INFO] [stderr]                at /opt/rustwide/cargo-home/registry/src/github.com-1ecc6299db9ec823/failure-0.1.5/src/backtrace/internal.rs:44
[INFO] [stderr]      1: failure::backtrace::Backtrace::new::hd333650163617c63 (0x55dc95d795fd)
[INFO] [stderr]                at /opt/rustwide/cargo-home/registry/src/github.com-1ecc6299db9ec823/failure-0.1.5/src/backtrace/mod.rs:111
[INFO] [stderr]      2: <failure::error::error_impl::ErrorImpl as core::convert::From<F>>::from::h4531a590a5786ebc (0x55dc95d0e0cb)
[INFO] [stderr]                at /opt/rustwide/cargo-home/registry/src/github.com-1ecc6299db9ec823/failure-0.1.5/src/error/error_impl.rs:19
[INFO] [stderr]      3: <failure::error::Error as core::convert::From<F>>::from::h38815f50ae65ea0c (0x55dc95d104ce)
[INFO] [stderr]                at /opt/rustwide/cargo-home/registry/src/github.com-1ecc6299db9ec823/failure-0.1.5/src/error/mod.rs:36
[INFO] [stderr]      4: <T as core::convert::Into<U>>::into::h91f67a4e2687873d (0x55dc95d101ae)
[INFO] [stderr]                at /rustc/cfbc6d4cf1acbac5c025acf8ed68929caa551df3/src/libcore/convert/mod.rs:560
[INFO] [stderr]      5: failure::context::Context<D>::with_err::ha7db7e7be8866fc6 (0x55dc95d0417d)
[INFO] [stderr]                at /opt/rustwide/cargo-home/registry/src/github.com-1ecc6299db9ec823/failure-0.1.5/src/context.rs:105
[INFO] [stderr]      6: failure::Fail::context::h34dc3fbb9d5776ad (0x55dc95d107e5)
[INFO] [stderr]                at /opt/rustwide/cargo-home/registry/src/github.com-1ecc6299db9ec823/failure-0.1.5/src/lib.rs:160
[INFO] [stderr]      7: <core::result::Result<T,E> as failure::result_ext::ResultExt<T,E>>::context::{{closure}}::h309b78ff9153670a (0x55dc95d109f5)
[INFO] [stderr]                at /opt/rustwide/cargo-home/registry/src/github.com-1ecc6299db9ec823/failure-0.1.5/src/result_ext.rs:164
[INFO] [stderr]      8: core::result::Result<T,E>::map_err::hbb0eef2f1396eaba (0x55dc95d0ac31)
[INFO] [stderr]                at /rustc/cfbc6d4cf1acbac5c025acf8ed68929caa551df3/src/libcore/result.rs:612
[INFO] [stderr]      9: <core::result::Result<T,E> as failure::result_ext::ResultExt<T,E>>::context::h1bff45c9dc2bd25f (0x55dc95d0b36d)
[INFO] [stderr]                at /opt/rustwide/cargo-home/registry/src/github.com-1ecc6299db9ec823/failure-0.1.5/src/result_ext.rs:164
[INFO] [stderr]     10: protoc_grpcio::write_out_generated_files::h5913a19724d5eb3a (0x55dc95cfed77)
[INFO] [stderr]                at /opt/rustwide/cargo-home/registry/src/github.com-1ecc6299db9ec823/protoc-grpcio-1.0.1/src/lib.rs:91
[INFO] [stderr]     11: protoc_grpcio::compile_grpc_protos::h71f2979b78407158 (0x55dc95cfe22d)
[INFO] [stderr]                at /opt/rustwide/cargo-home/registry/src/github.com-1ecc6299db9ec823/protoc-grpcio-1.0.1/src/lib.rs:260
[INFO] [stderr]     12: build_script_build::main::haaaeea60ff7d942e (0x55dc95d0b70a)
[INFO] [stderr]                at /opt/rustwide/workdir/build.rs:17
[INFO] [stderr]     13: std::rt::lang_start::{{closure}}::hc9cc5fe2bf3d4a30 (0x55dc95d0f42a)
[INFO] [stderr]                at /rustc/cfbc6d4cf1acbac5c025acf8ed68929caa551df3/src/libstd/rt.rs:67
[INFO] [stderr]     14: std::rt::lang_start_internal::{{closure}}::h84a998219831fa70 (0x55dc95fdb0b2)
[INFO] [stderr]                at src/libstd/rt.rs:52
[INFO] [stderr]         std::panicking::try::do_call::he8e1d689a3e26def
[INFO] [stderr]                at src/libstd/panicking.rs:348
[INFO] [stderr]         std::panicking::try::h264b6eebc2fa7bbf
[INFO] [stderr]                at src/libstd/panicking.rs:325
[INFO] [stderr]         std::panic::catch_unwind::hbf28fafa723b2128
[INFO] [stderr]                at src/libstd/panic.rs:394
[INFO] [stderr]         std::rt::lang_start_internal::he959aa59bc3ec202
[INFO] [stderr]                at src/libstd/rt.rs:51
[INFO] [stderr]     15: std::rt::lang_start::ha34704f7fd18995f (0x55dc95d0f406)
[INFO] [stderr]                at /rustc/cfbc6d4cf1acbac5c025acf8ed68929caa551df3/src/libstd/rt.rs:67
[INFO] [stderr]     16: main (0x55dc95d0c1c9)
[INFO] [stderr]     17: __libc_start_main (0x7fd0f5cbb0b2)
[INFO] [stderr]     18: _start (0x55dc95cfc1cd)
[INFO] [stderr]     19: <unknown> (0x0)
[INFO] [stderr] 
[INFO] [stderr]   failed to create "src/proto/pubsub_grpc.rs"
[INFO] [stderr] 
[INFO] [stderr]   failed to write generated grpc definitions', build.rs:22:7
[INFO] [stderr]   stack backtrace:
[INFO] [stderr]      0:     0x55dc95fd8165 - backtrace::backtrace::libunwind::trace::h5e2646fa3eddf2ea
[INFO] [stderr]                                  at /cargo/registry/src/github.com-1ecc6299db9ec823/backtrace-0.3.46/src/backtrace/libunwind.rs:86
[INFO] [stderr]      1:     0x55dc95fd8165 - backtrace::backtrace::trace_unsynchronized::hb95dd7f77ce47877
[INFO] [stderr]                                  at /cargo/registry/src/github.com-1ecc6299db9ec823/backtrace-0.3.46/src/backtrace/mod.rs:66
[INFO] [stderr]      2:     0x55dc95fd8165 - std::sys_common::backtrace::_print_fmt::h5e71b67af43fd70d
[INFO] [stderr]                                  at src/libstd/sys_common/backtrace.rs:78
[INFO] [stderr]      3:     0x55dc95fd8165 - <std::sys_common::backtrace::_print::DisplayBacktrace as core::fmt::Display>::fmt::hdb4a83d2b61107e5
[INFO] [stderr]                                  at src/libstd/sys_common/backtrace.rs:59
[INFO] [stderr]      4:     0x55dc96001a0c - core::fmt::write::ha20e7262fa3e8a7a
[INFO] [stderr]                                  at src/libcore/fmt/mod.rs:1076
[INFO] [stderr]      5:     0x55dc95fd4c02 - std::io::Write::write_fmt::h1aebfe8a5a79e36d
[INFO] [stderr]                                  at src/libstd/io/mod.rs:1537
[INFO] [stderr]      6:     0x55dc95fda6a0 - std::sys_common::backtrace::_print::h9c07314cc66ba539
[INFO] [stderr]                                  at src/libstd/sys_common/backtrace.rs:62
[INFO] [stderr]      7:     0x55dc95fda6a0 - std::sys_common::backtrace::print::hd1fd65f49a2d8544
[INFO] [stderr]                                  at src/libstd/sys_common/backtrace.rs:49
[INFO] [stderr]      8:     0x55dc95fda6a0 - std::panicking::default_hook::{{closure}}::h222da46485ab36fc
[INFO] [stderr]                                  at src/libstd/panicking.rs:198
[INFO] [stderr]      9:     0x55dc95fda3ec - std::panicking::default_hook::hc5868949d129ed00
[INFO] [stderr]                                  at src/libstd/panicking.rs:217
[INFO] [stderr]     10:     0x55dc95fdace3 - std::panicking::rust_panic_with_hook::h26a6ab8b0993c0c8
[INFO] [stderr]                                  at src/libstd/panicking.rs:526
[INFO] [stderr]     11:     0x55dc95fda8db - rust_begin_unwind
[INFO] [stderr]                                  at src/libstd/panicking.rs:437
[INFO] [stderr]     12:     0x55dc95fff971 - core::panicking::panic_fmt::h17139c2000299725
[INFO] [stderr]                                  at src/libcore/panicking.rs:85
[INFO] [stderr]     13:     0x55dc95fff793 - core::option::expect_none_failed::h972f96abb4ec8952
[INFO] [stderr]                                  at src/libcore/option.rs:1269
[INFO] [stderr]     14:     0x55dc95d0a526 - core::result::Result<T,E>::expect::hd73ab96e3639fea8
[INFO] [stderr]                                  at /rustc/cfbc6d4cf1acbac5c025acf8ed68929caa551df3/src/libcore/result.rs:963
[INFO] [stderr]     15:     0x55dc95d0b6a1 - build_script_build::main::haaaeea60ff7d942e
[INFO] [stderr]                                  at /opt/rustwide/workdir/build.rs:17
[INFO] [stderr]     16:     0x55dc95d0f42b - std::rt::lang_start::{{closure}}::hc9cc5fe2bf3d4a30
[INFO] [stderr]                                  at /rustc/cfbc6d4cf1acbac5c025acf8ed68929caa551df3/src/libstd/rt.rs:67
[INFO] [stderr]     17:     0x55dc95fdb0b3 - std::rt::lang_start_internal::{{closure}}::h84a998219831fa70
[INFO] [stderr]                                  at src/libstd/rt.rs:52
[INFO] [stderr]     18:     0x55dc95fdb0b3 - std::panicking::try::do_call::he8e1d689a3e26def
[INFO] [stderr]                                  at src/libstd/panicking.rs:348
[INFO] [stderr]     19:     0x55dc95fdb0b3 - std::panicking::try::h264b6eebc2fa7bbf
[INFO] [stderr]                                  at src/libstd/panicking.rs:325
[INFO] [stderr]     20:     0x55dc95fdb0b3 - std::panic::catch_unwind::hbf28fafa723b2128
[INFO] [stderr]                                  at src/libstd/panic.rs:394
[INFO] [stderr]     21:     0x55dc95fdb0b3 - std::rt::lang_start_internal::he959aa59bc3ec202
[INFO] [stderr]                                  at src/libstd/rt.rs:51
[INFO] [stderr]     22:     0x55dc95d0f407 - std::rt::lang_start::ha34704f7fd18995f
[INFO] [stderr]                                  at /rustc/cfbc6d4cf1acbac5c025acf8ed68929caa551df3/src/libstd/rt.rs:67
[INFO] [stderr]     23:     0x55dc95d0c1ca - main
[INFO] [stderr]     24:     0x7fd0f5cbb0b3 - __libc_start_main
[INFO] [stderr]     25:     0x55dc95cfc1ce - _start
[INFO] [stderr]     26:                0x0 - <unknown>
[INFO] [stderr] warning: build failed, waiting for other jobs to finish...
[INFO] [stderr] error: build failed
[INFO] running `Command { std: "docker" "inspect" "bac51b8766d41c5bfd3a1d9153a6ae9da73ffd797b8d45b9061dba234503c947", kill_on_drop: false }`
[INFO] running `Command { std: "docker" "rm" "-f" "bac51b8766d41c5bfd3a1d9153a6ae9da73ffd797b8d45b9061dba234503c947", kill_on_drop: false }`
[INFO] [stdout] bac51b8766d41c5bfd3a1d9153a6ae9da73ffd797b8d45b9061dba234503c947
